. Is d(-1) a prime number?
True
Let t be (-296)/3*4/((-8)/6). Let i = 613 - t. Is i composite?
False
Suppose -163230 = 102*s - 108*s. Is s prime?
False
Let y be ((-2790)/21)/((-6)/28). Suppose -u - l = -y, -l - 2 + 0 = 0. Is u a prime number?
False
Let s = 37 + -32. Let u(m) = 13*m**2 + 2*m - 4. Is u(s) a prime number?
True
Let v(f) = -f**3 + 6*f**2 - 4*f + 29. Let z be v(-9). Let r = 2969 - z. Is r prime?
False
Let v(q) = 1426*q + 4. Let o be v(-2). Let g be o/24*30/(-4). Is g/15 + (-1)/3 prime?
True
Suppose -v = 2*d - 4579, 0 = -111*d + 113*d + 5*v - 4599. Is d composite?
False
Let i = -3694 - -8397. Is i composite?
False
Let r = -2 + -28. Let a be (10/25)/1*r. Is 8/a*(-2733)/2 a prime number?
True
Suppose -19 = -0*t - 3*t - 2*h, t - 15 = -5*h. Suppose 7*m - 246 = t*m. Is m prime?
False
Let b be (-14)/(-49) + (-2287)/(-7). Let j be (-2)/(6/b) + -1. Is (4/10)/((-4)/j) composite?
False
Let f = -11407 - -22383. Let w = 18591 - f. Let q = w - 5004. Is q a prime number?
False
Let u be 1 - 0 - (3 + -9). Suppose 0 = -u*p + 8*p + 24. Let q = p - -121. Is q a composite number?
False
Let m(j) = -46*j**3 + 2*j**2 + j - 4. Let k be m(2). Let w = -231 - k. Is w a composite number?
False
Suppose 0 = -5*r + 4*w + 29542, 4*r + w = 32285 - 8664. Is r prime?
False
Is 4/3 - (-112966)/6 composite?
True
Let x be -8 + 5 + -735 + -1. Let l = 1238 + x. Is l a prime number?
True
Let o(j) = -29*j + 13. Let v be o(-14). Suppose 4*w - v - 1069 = 0. Suppose w = 12*c - 8*c. Is c a composite number?
True
Suppose 4*f - 64 - 52 = 0. Let y(g) = 6*g - 4. Let u be y(9). Let n = f + u. Is n composite?
False
Suppose 30 = 4*g - 5*d, 5*g + 5*d = 2*g + 5. Suppose 10 = g*q + 15. Let k(f) = 128*f**2 + 2*f + 1. Is k(q) prime?
True
Suppose 3*r + 555 = -3*t, -4*r + 358 = -3*t + t. Let l be (23 - -491)*(0 - -1)/2. Let c = l + t. Is c prime?
False
Let r = -11 + 14. Is 1*(4 - (-238 + r)) a prime number?
True
Suppose -7*x - 3*v = -6*x + 11, -5*x - 72 = -2*v. Is 7/(-49) + (-4524)/x a prime number?
False
Let a(r) = 270*r**2 + 13*r - 48. Is a(5) composite?
True
Let f(r) = -765*r - 6. Is f(-13) a prime number?
False
Suppose 2*m = -4*m + 35634. Is m a composite number?
False
Is (65/(-20) + 3)*-3548 composite?
False
Let x(c) = 173*c**2 + 4*c - 23. Is x(6) composite?
False
Let c be (-1)/(-2)*(1 + -5). Let z = c + 5. Is (-257)/(z + -3 + -1) a prime number?
True
Let o(t) = -t**3 - 20*t**2 + 21*t + 13. Is o(-32) a prime number?
False
Let g = -6 - -29. Suppose 0 = -26*y + g*y + 2001. Is y prime?
False
Let v be (10/(-4))/(6/(-12)). Suppose -2303 = 4*j + w, -j - v*w - 220 = 351. Let h = 985 + j. Is h prime?
True
Let m(a) be the third derivative of a**5/10 - 19*a**4/24 + 23*a**3/3 + 30*a**2. Is m(19) composite?
True
Let f = -12 + 18. Let k be -4 - f/(-3) - -7. Suppose -2520 = -k*w - 5*p, 3*w + 4*p - 2024 = -507. Is w a prime number?
True
Let q be -4 + (-3 - 1 - -8). Suppose 2*j - 4*j + 452 = q. Let x = 347 - j. Is x composite?
True
Is ((-34)/(-102) - 8/6)*-31847 composite?
False
Suppose 7723 - 1643 = 4*g. Let o = g + -121. Is o a composite number?
False
Let p = 60 - 32. Let g be 12/p + 4113/7. Suppose 0*n + 2*w + g = 2*n, 0 = -5*n + 4*w + 1469. Is n composite?
False
Suppose 0 = 3*d - 2 - 7. Suppose -2*j + 767 = d*q - 3*j, -q + 269 = 3*j. Is q prime?
True
Let t(x) be the second derivative of -x**3/6 + 10*x**2 - x. Let m be t(16). Suppose -3*j + 2*h + 2*h = -467, -5*j - m*h + 789 = 0. Is j a composite number?
False
Let b = -2 + 2. Suppose 2*d - 8*d + 1338 = b. Is d a composite number?
False
Suppose -3*r - 3*s = 2*r - 18, 2*r + s = 7. Suppose r*p - j - 603 = 529, 2*j - 1883 = -5*p. Is p prime?
False
Suppose 4*r = 4*i - 90324, 9*i - 4*r + 22591 = 10*i. Is i composite?
True
Let v(g) = -g**3 - 13*g**2 + 30*g - 11. Is v(-17) a composite number?
True
Let j(k) = 984*k**2 + 3*k + 1. Is j(2) prime?
True
Suppose -2*y + 5*v + 11019 = 0, 2*v + 14897 + 1626 = 3*y. Is y a composite number?
False
Let s = 1239 - 606. Is s a composite number?
True
Is (-18)/72 + (-333972)/(-16) prime?
True
Let p = -48 + 51. Suppose 3*r - 99 = -o - 29, p*o = -3*r + 240. Is o a composite number?
True
Let m(d) = 31*d + 24. Let j(o) = -12*o**3 - o**2 - o + 1. Let h be j(-1). Is m(h) a prime number?
False
Let c(z) = 153*z - 47. Is c(6) a prime number?
False
Suppose -j + 5*k + 3277 = 124, 3*j + 4*k = 9497. Is j prime?
True
Suppose -5*t + z = -1081 + 7658, t + 3*z = -1325. Let s be t + (-2 - -1)*-2. Let v = s + 1877. Is v a prime number?
True
Is 293*400/15 + 4/6 a composite number?
True
Let m(k) = 28*k - 5. Let y be m(4). Is y/3 + 18/(-27) composite?
True
Suppose 0*c - 4952 = -4*c. Is c prime?
False
Let p(t) = -t**3 + 42*t**2 - 55*t - 25. Is p(-22) a composite number?
True
Let d = 583 - 98. Suppose -c = -d - 345. Is c/(-30)*(-4 + 1) a composite number?
False
Let z(a) = 3*a + 43. Let g be z(-13). Suppose -d + 4*u + 150 + 1399 = 0, g*u - 1581 = -d. Is d a composite number?
True
Let c = -55225 + 89946. Is c a prime number?
True
Let w(l) be the second derivative of 0*l**2 + 0 + 1/6*l**3 + 7*l + 11*l**4. Is w(-1) prime?
True
Let v(h) = 41*h**2 - 6*h - 16. Is v(9) prime?
True
Suppose -p + 2 = 5. Let b be (3/p)/((-3)/(-6)). Is 81 - (b + 0/3) prime?
True
Let f be 19/(-1)*52/(-4). Suppose -q = -f + 68. Is q a prime number?
True
Let d(i) = 128*i**2 + 8*i - 6. Let o be d(5). Suppose -2*n = 1150 - o. Is n prime?
False
Let g = -3 - -7. Suppose 0*v + v = -g. Is 1335/9 + v/(-6) a prime number?
True
Let f = 13455 + -9344. Is f composite?
False
Let i be 2/3 + (-201)/(-9). Let z be i/6 + 3/18. Suppose -721 = -z*u - l + 6*l, 355 = 2*u + 3*l. Is u composite?
False
Suppose 4*j - 11354 - 7290 = 0. Suppose 5*l = 664 + j. Suppose 5*b - 2*b - l = 0. Is b a composite number?
True
Let j = 16065 - 7426. Is j composite?
True
Let f = 2 - -5. Suppose 352 = -3*o + 3*t - 5*t, -o - 2*t = 112. Let v = f - o. Is v composite?
False
Suppose 12*l + 20 = 16*l. Suppose -213 = -b + 4*m + 84, -l*b + 1463 = 2*m. Is b a prime number?
True
Let j = 207 + 7364. Is j composite?
True
Let h = 12 + -6. Let q(d) = 6*d**3 - 15*d**2 - 9*d + 8. Let b(c) = -7*c**3 + 17*c**2 + 9*c - 8. Let a(y) = -5*b(y) - 6*q(y). Is a(h) a composite number?
True
Suppose -15*m + 121323 + 177372 = 0. Is m a prime number?
True
Let w(n) = -32*n - 2. Let i = 14 - 17. Let a be w(i). Let x = 205 - a. Is x a composite number?
True
Suppose 4*v + 1064 = -144. Let u = -111 - v. Is u composite?
False
Let b = 202 - 141. Is b - 1 - (3 - 2) a prime number?
True
Suppose -4*t + 22*t = 290574. Is t prime?
False
Let h(g) = -410*g - 11. Let y be h(-13). Suppose 1899 - 118 = q - v, -3*q - 3*v = -y. Is q a prime number?
True
Suppose -3*s + 6206 + 11800 = -3*n, 0 = -3*n + 15. Is s composite?
False
Let r(o) = -40*o - 14. Let f(c) = 20*c + 7. Let n(z) = 13*f(z) + 6*r(z). Let a be n(4). Let t = a + 52. Is t a prime number?
True
Let b = -1313 + 5844. Is b prime?
False
Let d(p) = 196*p**2 + 34*p - 197. Is d(5) composite?
True
Suppose 0 = 6*f + 4*f - 32460. Is (0 - (-1)/(-3))/((-2)/f) a composite number?
False
Let r(z) = -12*z + 68. Let f be r(6). Is (f/12)/(1/(-2523)) - -1 composite?
True
Let u(z) = -2*z - 11. Let c be u(-7). Suppose -y + 5*s + 1893 = 0, -3*y - 2*y + 9421 = -c*s. Is y composite?
True
Let l be 1 - 1/(3/(-12)). Suppose -l*v - 4091 = -9846. Suppose -6*y - 5 = -v. Is y a prime number?
True
Suppose 2*q - 5*l - 305515 = 0, q + 3*l - 2*l - 152768 = 0. Is q composite?
True
Let w(n) = -78*n - 6. Let r(j) = 77*j + 5. Let f(i) = -5*r(i) - 4*w(i). Let x be f(-2). Let y = 348 - x. Is y a prime number?
False
Let w(h) = -2*h**3 + h**2 + 4*h - 1. Let t be -1 - 1 - 4/(-2). Suppose 0 = -v - t - 4. Is w(v) prime?
True
Let g be (-1 + (-48)/9)*21. Let p = g + 188. Is p composite?
True
Suppose h = 2*h. Suppose h*c = 3*c + s - 107, -2*c = s - 72. Let w = 194 - c. Is w composite?
True
Let u(o) = -2*o + 1. Let c be u(0). Suppose -4*l = -5*w - 1779, -w + 2 - c = 0. Is l prime?
False
Let t(h) = -h - 5. Let w be t(-6). Let o(f) = 25*f. Let z be o(w). Is 915/z - 4/(-10) composite?
False
Suppose 17877 = 23*p - 38174. Is p composite?
False
Let k be 5*5/(25/(-4)). Let b be (k/(-6))/((-2)/(-3)). Suppose 5*p - 35 = 3*f, -2*p + 4*f + b = -13. Is p a composite number?
False
Suppose -2*z - 2*o - 6 = 0, 5 = -3*z - 4*o - 7. Suppose -4*c + 1867 + 697 = z. Is c prim